{"id":2037,"date":"2022-12-28T00:56:31","date_gmt":"2022-12-28T00:56:31","guid":{"rendered":"http:\/\/basham.com.mx\/?post_type=abogado&#038;p=2037"},"modified":"2026-03-19T13:02:18","modified_gmt":"2026-03-19T19:02:18","slug":"gonzalez-ortega-guillermo-alberto","status":"publish","type":"abogado","link":"https:\/\/basham.com.mx\/en\/abogados\/gonzalez-ortega-guillermo-alberto\/","title":{"rendered":"Guillermo Alberto Gonz\u00e1lez Ortega"},"content":{"rendered":"\n<p class=\"wp-block-paragraph\"><strong>\u00c1REAS DE PR\u00c1CTICA<\/strong><\/p>\n\n\n\n<p class=\"wp-block-paragraph\">Asociado en Propiedad Intelectual, con m\u00e1s de 32 a\u00f1os de experiencia en asuntos de patentes en el \u00e1rea farmac\u00e9utica en Propiedad Intelectual.<\/p>\n\n\n\n<p class=\"wp-block-paragraph\"><strong>MEMBRES\u00cdAS PROFESIONALES<\/strong><\/p>\n\n\n\n<p class=\"wp-block-paragraph\">Miembro de la Asociaci\u00f3n Mexicana para la Protecci\u00f3n de la Propiedad Industrial (\u201cAMMPI\u201d), Cap\u00edtulo Mexicano de \u201cInternational Association for the Protection of Intellectual Property\u201d.<\/p>\n\n\n\n<p class=\"wp-block-paragraph\"><strong>EXPERIENCIA PROFESIONAL<\/strong><\/p>\n\n\n\n<p class=\"wp-block-paragraph\">Asociado en Basham, Ringe y Correa, S.C. en Propiedad Intelectual, en patentes relacionadas con la industria farmac\u00e9utica e invenciones de la industria qu\u00edmica en Basham, Ringe y Correa, S. C. desde enero de 2000.<\/p>\n\n\n\n<p class=\"wp-block-paragraph\">Atenci\u00f3n a clientes en la preparaci\u00f3n, presentaci\u00f3n y tr\u00e1mite de solicitudes de patente; preparaci\u00f3n de opiniones de corte t\u00e9cnico con respecto a patentabilidad, validez de patentes (\u201cValidity Patents\u201d), cuestionarios y diversas opiniones en el litigio de patentes, incluyendo (\u201cFreedom to Sell\/Operate\u201d), desde un punto de vista t\u00e9cnico.<\/p>\n\n\n\n<p class=\"wp-block-paragraph\">Ha sido orador en diversos foros relacionados con patentes en M\u00e9xico y ha publicado diversos art\u00edculos con (\u201cManaging Intellectual Property\u201d) y en asociaciones mexicanas tales como (la Asociaci\u00f3n Mexicana de Protecci\u00f3n de la Propiedad Industrial (\u201cAMPPI\u201d)), Cap\u00edtulo mexicano de AIPPI\u201d.<\/p>\n\n\n\n<p class=\"wp-block-paragraph\"><strong>FORMACI\u00d3N Y ESTUDIOS<\/strong><\/p>\n\n\n\n<p class=\"wp-block-paragraph\">Graduado de la Universidad Nacional Aut\u00f3noma de M\u00e9xico en el a\u00f1o 1992.<br>Posgrado por la Universidad Panamericana en Propiedad Intelectual en el a\u00f1o 2002.<\/p>\n","protected":false},"featured_media":24478,"parent":0,"template":"","miembro":[],"location":[1485],"especialidad":[115],"cargo":[41,1555],"class_list":["post-2037","abogado","type-abogado","status-publish","has-post-thumbnail","hentry","location-cdmx","especialidad-propiedad-intelectual","cargo-asociado-a","cargo-quimico-farmacobiologo"],"_links":{"self":[{"href":"https:\/\/basham.com.mx\/en\/wp-json\/wp\/v2\/abogado\/2037","targetHints":{"allow":["GET"]}}],"collection":[{"href":"https:\/\/basham.com.mx\/en\/wp-json\/wp\/v2\/abogado"}],"about":[{"href":"https:\/\/basham.com.mx\/en\/wp-json\/wp\/v2\/types\/abogado"}],"wp:featuredmedia":[{"embeddable":true,"href":"https:\/\/basham.com.mx\/en\/wp-json\/wp\/v2\/media\/24478"}],"wp:attachment":[{"href":"https:\/\/basham.com.mx\/en\/wp-json\/wp\/v2\/media?parent=2037"}],"wp:term":[{"taxonomy":"miembro","embeddable":true,"href":"https:\/\/basham.com.mx\/en\/wp-json\/wp\/v2\/miembro?post=2037"},{"taxonomy":"location","embeddable":true,"href":"https:\/\/basham.com.mx\/en\/wp-json\/wp\/v2\/location?post=2037"},{"taxonomy":"especialidad","embeddable":true,"href":"https:\/\/basham.com.mx\/en\/wp-json\/wp\/v2\/especialidad?post=2037"},{"taxonomy":"cargo","embeddable":true,"href":"https:\/\/basham.com.mx\/en\/wp-json\/wp\/v2\/cargo?post=2037"}],"curies":[{"name":"wp","href":"https:\/\/api.w.org\/{rel}","templated":true}]}}

Guillermo Alberto González Ortega

<p class="wp-block-paragraph"><strong>ÁREAS DE PRÁCTICA</strong></p>



<p class="wp-block-paragraph">Asociado en Propiedad Intelectual, con más de 32 años de experiencia en asuntos de patentes en el área farmacéutica en Propiedad Intelectual.</p>



<p class="wp-block-paragraph"><strong>MEMBRESÍAS PROFESIONALES</strong></p>



<p class="wp-block-paragraph">Miembro de la Asociación Mexicana para la Protección de la Propiedad Industrial (“AMMPI”), Capítulo Mexicano de “International Association for the Protection of Intellectual Property”.</p>



<p class="wp-block-paragraph"><strong>EXPERIENCIA PROFESIONAL</strong></p>



<p class="wp-block-paragraph">Asociado en Basham, Ringe y Correa, S.C. en Propiedad Intelectual, en patentes relacionadas con la industria farmacéutica e invenciones de la industria química en Basham, Ringe y Correa, S. C. desde enero de 2000.</p>



<p class="wp-block-paragraph">Atención a clientes en la preparación, presentación y trámite de solicitudes de patente; preparación de opiniones de corte técnico con respecto a patentabilidad, validez de patentes (“Validity Patents”), cuestionarios y diversas opiniones en el litigio de patentes, incluyendo (“Freedom to Sell/Operate”), desde un punto de vista técnico.</p>



<p class="wp-block-paragraph">Ha sido orador en diversos foros relacionados con patentes en México y ha publicado diversos artículos con (“Managing Intellectual Property”) y en asociaciones mexicanas tales como (la Asociación Mexicana de Protección de la Propiedad Industrial (“AMPPI”)), Capítulo mexicano de AIPPI”.</p>



<p class="wp-block-paragraph"><strong>FORMACIÓN Y ESTUDIOS</strong></p>



<p class="wp-block-paragraph">Graduado de la Universidad Nacional Autónoma de México en el año 1992.<br>Posgrado por la Universidad Panamericana en Propiedad Intelectual en el año 2002.</p>
